et l(y) = 18*y**2 + 8688*y - 60887. Determine l(7).
811
Let f(r) = -33534*r + 167759. Determine f(5).
89
Let z(n) = 34*n**2 + 147*n - 39. Give z(6).
2067
Let r(m) = 23890*m + 215064. What is r(-9)?
54
Let k(r) = 717601*r - 717596. Determine k(1).
5
Let g(z) = 70*z**2 + 75368*z - 23692. Calculate g(-1077).
2
Let w(v) = 3175*v - 82550. Give w(26).
0
Let b(q) = 4*q**3 - 600*q**2 - 132*q + 19766. Calculate b(150).
-34
Let y(g) = -3122*g + 50006. What is y(16)?
54
Let s(r) = r**3 - 31*r**2 - 596*r - 382. What is s(44)?
-1438
Let d(s) = s**3 - 89*s**2 - 152*s + 5594. Determine d(90).
14
Let l(r) = 8*r**2 - 26*r + 45. Give l(-12).
1509
Let i(x) = -17*x**2 - 12011*x - 6358. Give i(-706).
-4
Let z(s) = 1769*s - 161159. Give z(91).
-180
Let n(r) = -3*r**3 - 143*r**2 + 82*r + 1701. Give n(-48).
69
Let l(r) = 416*r - 17382. Determine l(43).
506
Let m(t) = -1059*t + 54008. Determine m(51).
-1
Let r(s) = -20824*s - 1540961. Calculate r(-74).
15
Let u(a) = -661*a - 81275. Calculate u(-122).
-633
Let j(d) = 10315*d - 61991. Calculate j(6).
-101
Let w(g) = g**3 + 424*g**2 - 96*g - 40666. Calculate w(-424).
38
Let j(r) = 225*r**2 - 124*r - 128. What is j(-1)?
221
Let m(d) = -7*d**2 - 16773*d + 219234. Determine m(13).
2
Let s(x) = 4*x**2 + 3553*x - 7115. Give s(2).
7
Let q(i) = 41015*i + 1107448. Calculate q(-27).
43
Let x(o) = -22078*o - 64143. Determine x(-3).
2091
Let n(l) = -80491*l - 885389. Give n(-11).
12
Let g(z) = -2*z**2 + 4196*z + 59063. Give g(-14).
-73
Let q(z) = 85*z**2 - 17669*z + 32754. What is q(206)?
0
Let b(w) = -2*w**2 - 114126*w + 8113027. Determine b(71).
-1
Let g(k) = -3*k**2 - 339*k + 48797. Give g(83).
-7
Let r(c) = -927*c - 149174. Give r(-161).
73
Let c(t) = t**3 - 170*t**2 + 7216*t - 1406. Determine c(80).
-126
Let l(i) = -6*i**3 + 5*i**2 - 37*i + 106. What is l(3)?
-122
Let f(r) = -930445*r - 3721791. What is f(-4)?
-11
Let n(j) = -150*j + 12130. Calculate n(82).
-170
Let r(l) = l**3 - 1241*l**2 - 276757*l + 984. Determine r(-193).
19
Let r(p) = 4674*p + 79605. What is r(-17)?
147
Let w(q) = 2*q**3 + 185*q**2 + 2315*q - 151. Determine w(-15).
-1
Let c(a) = 86*a + 19618. Calculate c(-228).
10
Let u(d) = -2811235*d + 19678650. Give u(7).
5
Let j(h) = -h**3 - 338*h**2 - 757*h - 28627. Determine j(-336).
-67
Let x(z) = -z**3 + 364*z**2 + 994*z + 39275. What is x(367)?
6
Let f(y) = -y**3 + 76*y**2 + 650*y + 1809. Determine f(84).
-39
Let d(y) = 235*y + 16714. Calculate d(-88).
-3966
Let n(g) = -54*g + 4479. What is n(97)?
-759
Let t(y) = 25*y**2 + 161*y - 306. Calculate t(-8).
6
Let m(g) = 186*g + 41735. Calculate m(-226).
-301
Let b(o) = -2*o**2 + 241*o - 6392. Give b(81).
7
Let y(g) = 2*g**2 - 3052*g + 36334. Determine y(12).
-2
Let t(z) = 47*z**2 - 1456*z + 225. Calculate t(31).
256
Let l(s) = 34*s**3 - 301*s**2 - 32*s - 35. Calculate l(9).
82
Let n(g) = 2*g**3 - 90*g**2 - 155*g - 6373. What is n(48)?
11
Let o(n) = -37185*n - 3123553. What is o(-84)?
-13
Let n(c) = -1126*c + 58536. Determine n(52).
-16
Let l(v) = v**3 + 31*v**2 - 140*v + 50. Calculate l(-35).
50
Let j(n) = 10531*n - 1811330. Determine j(172).
2
Let h(c) = -1785*c + 48135. Calculate h(26).
1725
Let m(x) = 3*x**3 + 1111*x**2 + 2533*x - 15844. Determine m(-368).
-20
Let q(c) = -7886*c + 31526. Determine q(4).
-18
Let i(c) = 2*c**3 + 15*c**2 - 266*c - 892. Give i(10).
-52
Let w(d) = -7696*d + 161860. Determine w(21).
244
Let h(p) = -12*p**2 + 2599*p - 8892. Give h(213).
267
Let a(o) = -6*o**3 - 391*o**2 - 534*o - 30484. Calculate a(-65).
1
Let n(l) = 49867*l - 249231. Calculate n(5).
104
Let p(f) = -9*f**2 + 86*f - 316. What is p(14)?
-876
Let c(t) = -5581*t + 161837. What is c(29)?
-12
Let k(o) = o**2 - 135*o - 8549. Determine k(-47).
5
Let f(u) = -3247*u**2 + 253265*u + 103. Determine f(78).
25
Let c(m) = m**3 + 190*m**2 + 1795*m + 1658. What is c(-180)?
2558
Let g(a) = -329*a**2 + 422*a - 8. Determine g(2).
-480
Let j(q) = -3309*q + 49642. Give j(15).
7
Let y(m) = 5*m**3 - 9*m**2 + 391*m - 2804. What is y(7)?
1207
Let y(d) = -105*d**2 - 25577*d + 10487. Determine y(-244).
-5
Let k(f) = 7780*f + 15590. What is k(-2)?
30
Let u(f) = -52*f - 1204. Determine u(-10).
-684
Let l(z) = -5*z**3 - 42*z**2 - 584*z - 3742. Determine l(-7).
3
Let y(g) = -1410732*g + 5642969. Calculate y(4).
41
Let d(c) = 7*c**2 - 871*c - 824. Give d(125).
-324
Let j(z) = 1208*z + 20617. What is j(-16)?
1289
Let q(s) = -81*s**2 - 9648*s + 175. Calculate q(-119).
1246
Let h(v) = v**3 + 27*v**2 - 162*v - 87. Determine h(-32).
-23
Let z(b) = 5678*b + 437163. Determine z(-77).
-43
Let q(u) = -4049*u - 635682. Calculate q(-157).
11
Let n(i) = 927*i - 6516. Give n(7).
-27
Let f(h) = -5*h**2 - 146*h + 2466. Calculate f(15).
-849
Let d(r) = -38*r**2 + 1411*r + 87. Calculate d(37).
272
Let t(n) = 62*n**3 - 314*n**2 - 13*n + 56. What is t(5)?
-109
Let x(u) = 2*u**3 - 90*u**2 - 537*u + 24171. Calculate x(45).
6
Let y(z) = -59737*z - 1015526. What is y(-17)?
3
Let f(h) = 2*h**3 + 43*h**2 + 30*h + 182. Give f(-21).
-7
Let f(a) = -2*a**3 - 57*a**2 - 305*a - 37. What is f(-7)?
-9
Let f(g) = -2*g**3 + 416*g**2 - 310*g - 21521. What is f(207)?
7
Let w(d) = -2*d**3 + 201*d**2 - 488*d - 278. Determine w(98).
-82
Let d(h) = -96*h**2 - 704*h - 748. Determine d(-6).
20
Let o(s) = -8757*s + 288872. Calculate o(33).
-109
Let f(p) = 1726*p + 25270. Determine f(-17).
-4072
Let j(k) = -k**3 - 4*k**2 + 86*k + 330. Calculate j(-4).
-14
Let x(l) = -112*l**2 + 203*l - 1. Calculate x(1).
90
Let j(m) = -10*m**2 - 322*m - 231. Determine j(-32).
-167
Let b(f) = -13*f**3 + 126*f**2 - 301*f + 33. Calculate b(5).
53
Let x(o) = 143*o - 230805. Give x(1614).
-3
Let k(y) = -2132*y + 1456141. Give k(683).
-15
Let j(p) = 6*p**3 + 45*p**2 - 982*p - 204. Determine j(-17).
17
Let o(q) = -220*q - 6563. Give o(-34).
917
Let j(d) = 1676*d + 18443. Give j(-11).
7
Let l(x) = -x**3 + 121*x**2 + 5461*x + 2. Determine l(-35).
-33
Let g(p) = 133*p - 7832. What is g(58)?
-118
Let h(a) = -a**3 - 9*a**2 - 5007*a - 45058. What is h(-9)?
5
Let w(x) = 112*x**2 - 50*x - 139. Give w(-2).
409
Let c(w) = -11*w**2 - 53*w - 685. Determine c(16).
-4349
Let s(b) = -254*b + 1431. What is s(9)?
-855
Let q(v) = -7*v**3 + 74*v**2 + 258*v - 2987. What is q(10)?
-7
Let y(t) = t**2 - 223*t + 4595. Calculate y(28).
-865
Let z(w) = 4098*w - 631094. Determine z(154).
-2
Let x(k) = -k**3 - 11*k**2 - 35*k - 70. What is x(-2)?
-36
Let l(x) = 1261*x - 395950. Give l(314).
4
Let o(l) = -13592*l - 3642680. Calculate o(-268).
-24
Let i(z) = z**3 - 53*z**2 + 365*z - 19346. What is i(53)?
-1
Let j(y) = 11*y**2 + 4156*y + 170453. Give j(-331).
-12
Let d(q) = -2*q**2 - 789*q - 1626. Give d(-2).
-56
Let y(q) = 290*q - 4456. Determine y(15).
-106
Let u(v) = v**3 + 20*v**2 - 3765*v - 1265. Calculate u(-72).
247
Let s(q) = 2*q**2 - 150*q - 14708. Determine s(-56).
-36
Let b(n) = -993*n - 3469. What is b(-3)?
-490
Let j(s) = 149*s - 7653. Calculate j(51).
-54
Let a(i) = -1231*i + 30643. What is a(25)?
-132
Let o(d) = -13927*d - 13926. Give o(-1).
1
Let u(b) = -134*b**3 + 3*b**2 - 22*b + 5. Determine u(2).
-1099
Let y(p) = p**2 - 567*p - 165140. Calculate y(-212).
8
Let v(n) = -36*n**2 - 961*n + 254. Give v(-27).
-43
Let m(c) = -c**3 - 2*c**2 - 250*c + 498. Calculate m(2).
-18
Let g(y) = -5189*y - 612306. What is g(-118)?
-4
Let w(g) = -1242*g + 160155. Give w(128).
1179
Let o(t) = 22*t**3 - 690*t**2 + 2575*t + 469. Determine o(27).
10
Let z(m) = m**3 + 89*m**2 + 1888*m - 95. Calculate z(-54).
13
Let q(i) = 5*i**3 - 19*i**2 + 237*i - 1922. What is q(8)?
1318
Let q(d) = 1113*d**2 + 40067*d - 132. Give q(-36).
-96
Let a(t) = 2*t**2 + 18*t - 9285. Give a(-73).
59
Let h(p) = -p**3 + 83*p**2 + 24*p - 735. Determine h(83).
1257
Let p(x) = -463*x + 167100. Give p(361).
-43
Let w(b) = 19848*b - 39741. Determine w(2).
-45
Let l(b) = 3*b**2 + 156*b + 1260. Determine l(-42).
0
Let u(q) = 8450*q - 117509. Calculate u(14).
791
Let u(h) = -28*h**2 + 33*h - 22. Calculate u(6).
-832
Let x(p) = 685*p - 13888. Give x(21).
497
Let f(g) = 37663*g + 527266. Determine f(-14).
-16
Let f(b) = -b**2 - 831*b - 32408. What is f(-41)?
-18
Let h(d) = -2*d**3 - 133*d**2 + 177*d + 7343. What is h(-67)?
-27
Let m(a) = 6*a + 73. Give m(-13).
-5
Let y(l) = 3*l**2 - 13317*l + 79891. Calculate y(6).
97
Let f(g) = 296*g**3 - 